e 6) in base 15?
-1a3
Convert 2221 (base 5) to base 13.
1ac
What is 569 (base 11) in base 5?
10210
8975 (base 12) to base 13
6bcc
What is -6034 (base 7) in base 6?
-13351
What is -5798 (base 10) in base 12?
-3432
17a6 (base 13) to base 8
6674
-4446 (base 11) to base 9
-8028
Convert 1abba (base 13) to base 3.
2200002001
Convert -1251 (base 14) to base 3.
-11101210
What is dd5 (base 16) in base 5?
103131
-1b2d (base 14) to base 13
-2331
What is 1111100110 (base 2) in base 6?
4342
Convert 3331223 (base 4) to base 6.
203055
-10313 (base 5) to base 4
-23010
What is 11012010 (base 3) in base 14?
1182
3013b (base 12) to base 5
3444044
Convert 222200021 (base 3) to base 7.
110461
Convert 10001 (base 6) to base 4.
110101
What is -3555 (base 9) in base 15?
-bb2
Convert -2441 (base 7) to base 2.
-1110001111
What is 676 (base 12) in base 13?
585
Convert 1272 (base 16) to base 12.
2896
Convert -1aa5 (base 16) to base 12.
-3b45
What is -28a7 (base 16) in base 15?
-313c
-1104024 (base 5) to base 10
-19264
What is -34355 (base 6) in base 11?
-3750
Convert 10001000111110 (base 2) to base 5.
240031
-303 (base 11) to base 12
-266
What is -c1c9 (base 16) in base 15?
-ea74
Convert 30303 (base 7) to base 4.
1302321
Convert 12129 (base 12) to base 4.
11330301
Convert -9c7 (base 15) to base 4.
-202210
Convert 2737 (base 8) to base 7.
4245
Convert -51171 (base 11) to base 14.
-1d343
795 (base 10) to base 9
1073
61e (base 15) to base 3
1220002
Convert -1000101101 (base 2) to base 8.
-1055
Convert 13a3 (base 12) to base 13.
1068
What is -100111110 (base 2) in base 15?
-163
-1000111 (base 2) to base 15
-4b
Convert 4a9 (base 15) to base 9.
1406
Convert 9572 (base 12) to base 7.
65456
1101100111 (base 2) to base 13
520
112ca (base 14) to base 2
1010001100000010
Convert -536 (base 10) to base 7.
-1364
1356 (base 11) to base 14
8d5
Convert -14164 (base 8) to base 2.
-1100001110100
What is 313334 (base 7) in base 5?
3212043
-200253 (base 6) to base 10
-15657
Convert -13333 (base 6) to base 15.
-933
What is 12a (base 14) in base 6?
1030
1414 (base 8) to base 13
480
110011010 (base 2) to base 10
410
Convert 46042 (base 8) to base 13.
8b43
Convert -1110233 (base 4) to base 5.
-133143
Convert -21131 (base 5) to base 15.
-646
3003 (base 5) to base 7
1050
100110101010101 (base 2) to base 11
13968
What is 1c8 (base 16) in base 5?
3311
What is -3 (base 8) in base 5?
-3
Convert 160513 (base 7) to base 5.
2001333
What is -51033 (base 7) in base 9?
-17866
Convert 133232 (base 4) to base 5.
31110
975a (base 11) to base 15
3c46
Convert 53323 (base 7) to base 16.
338e
What is 120112 (base 3) in base 15?
1ce
Convert 39b (base 14) to base 3.
222212
What is -20444 (base 8) in base 2?
-10000100100100
-111100010 (base 2) to base 9
-585
Convert -781 (base 13) to base 6.
-5544
34500 (base 6) to base 16
1344
What is -30610 (base 8) in base 2?
-11000110001000
Convert -5774 (base 10) to base 3.
-21220212
431214 (base 6) to base 13
130a8
What is 1133 (base 5) in base 9?
206
-7d (base 14) to base 2
-1101111
What is -19aa4 (base 15) in base 10?
-83404
Convert -30a35 (base 11) to base 14.
-12667
-101100110011001 (base 2) to base 14
-8505
Convert -5251 (base 8) to base 4.
-222221
Convert -411 (base 9) to base 4.
-11032
Convert 111100111 (base 2) to base 14.
26b
Convert 20314 (base 7) to base 12.
2a54
-9c30 (base 13) to base 14
-7d60
-2840 (base 9) to base 15
-97c
Convert 1143123 (base 5) to base 7.
120105
What is -2abd (base 16) in base 9?
-16006
Convert -32012 (base 4) to base 5.
-12102
What is 119 (base 15) in base 7?
504
Convert 125433 (base 6) to base 3.
120221010
Convert -11111001 (base 2) to base 13.
-162
Convert 146241 (base 7) to base 2.
110111110110100
What is 21102102 (base 3) in base 13?
2603
Convert -1042 (base 11) to base 14.
-705
Convert -255534 (base 6) to base 15.
-6d94
Convert 2123323 (base 4) to base 8.
23373
What is -35367 (base 10) in base 6?
-431423
Convert 501 (base 6) to base 10.
181
What is 4128 (base 10) in base 3?
12122220
-20152 (base 7) to base 14
-1ad2
-116c6 (base 13) to base 8
-76276
Convert -22542 (base 7) to base 3.
-21220110
-221011 (base 4) to base 2
-101001000101
What is -42121 (base 5) in base 14?
-1030
What is 1100000100100 (base 2) in base 11?
4709
What is -11022210 (base 3) in base 11?
-2407
-5025 (base 7) to base 13
-a35
What is 1217 (base 8) in base 4?
22033
-373 (base 12) to base 11
-432
What is 1141 (base 5) in base 10?
171
10102 (base 5) to base 7
1621
Convert -212134 (base 6) to base 15.
-520d
-2d8 (base 16) to base 7
-2060
-273 (base 12) to base 11
-311
What is -305 (base 11) in base 4?
-11300
What is cd4 (base 14) in base 11?
19a8
What is -1122020201 (base 3) in base 12?
-16801
90 (base 12) to base 8
154
-294 (base 10) to base 13
-198
What is -1932 (base 10) in base 12?
-1150
10231 (base 4) to base 3
102011
6aa0 (base 14) to base 15
5779
14c (base 13) to base 2
11101001
What is 5407 (base 8) in base 7?
11142
-938 (base 10) to base 8
-1652
What is -4da (base 16) in base 5?
-14432
393 (base 15) to base 10
813
What is 91c7 (base 16) in base 9?
56165
What is 5400 (base 7) in base 11?
1488
342 (base 5) to base 4
1201
142 (base 14) to base 8
376
-101200 (base 5) to base 12
-1ab0
-200520 (base 6) to base 3
-210121010
What is -2011 (base 7) in base 15?
-314
Convert -246 (base 10) to base 13.
-15c
What is -173 (base 13) in base 3?
-100202
Convert 2202 (base 6) to base 11.
420
100 (base 6) to base 3
1100
Convert a6d (base 16) to base 12.
1665
What is -43 (base 10) in base 2?
-101011
Convert -1101120121 (base 3) to base 5.
-1334034
Convert 4346 (base 13) to base 9.
13742
-4121 (base 5) to base 3
-201212
-14562 (base 7) to base 6
-30450
Convert 423221 (base 5) to base 3.
201110102
-111100110001 (base 2) to base 16
-f31
What is -23e8 (base 16) in base 4?
-2033220
Convert 828 (base 9) to base 6.
3042
What is -202453 (base 6) in base 11?
-11162
What is -adbe (base 16) in base 5?
-2410403
221055 (base 6) to base 4
10133123
Convert -4143 (base 5) to base 14.
-2b2
What is -1432 (base 7) in base 13?
-343
What is -1ce (base 16) in base 15?
-20c
What is 18b (base 14) in base 4?
10333
Convert -3936 (base 12) to base 3.
-22221120
What is -1023 (base 4) in base 12?
-63
-57c (base 13) to base 3
-1022010
Convert -3b3 (base 15) to base 2.
-1101001011
Convert -12515 (base 6) to base 10.
-1919
Convert 58a1 (base 12) to base 8.
23271
1353 (base 8) to base 2
1011101011
241214 (base 5) to base 7
35022
10002 (base 4) to base 11
215
What is e3 (base 15) in base 9?
256
-1122122 (base 3) to base 6
-5325
-57766 (base 9) to base 2
-1001011010000111
e7 (base 15) to base 2
11011001
What is 7357 (base 8) in base 3?
12020121
What is 11223302 (base 4) in base 12?
11582
-12463 (base 8) to base 11
-4094
Convert -35 (base 7) to base 9.
-28
Convert 3ab (base 16) to base 13.
573
Convert 1636 (base 9) to base 5.
14443
What is 70767 (base 8) in base 7?
151026
What is 2767 (base 10) in base 7?
11032
What is -124020 (base 6) in base 10?
-11244
56 (base 16) to base 8
126
What is -10761 (base 8) in base 11?
-34a6
Convert -36143 (base 7) to base 9.
-13728
What is 145052 (base 6) in base 16?
36f8
3684 (base 14) to base 9
14052
What is -720 (base 11) in base 8?
-1545
What is 2b15 (base 13) in base 14?
23dd
-12 (base 10) to base 9
-13
What is -6995 (base 11) in base 4?
-2033123
Convert -349 (base 10) to base 5.
-2344
Convert 5519 (base 11) to base 15.
2255
What is -3245 (base 13) in base 8?
-15512
-140241 (base 7) to base 11
-18a36
What is -3105 (base 8) in base 6?
-11233
Convert -563 (base 9) to base 11.
-390
What is 110100000 (base 2) in base 16?
1a0
763 (base 10) to base 7
2140
What is 1011100 (base 3) in base 16?
34e
What is -2551 (base 8) in base 14?
-70d
-21206 (base 8) to base 5
-240323
Convert -101001001110100 (base 2) to base 5.
-1133413
323000 (base 5) to base 7
44033
-43d (base 14) to base 11
-6a3
Convert -923 (base 14) to base 6.
-12151
101213 (base 4) to base 8
2147
Convert 1061 (base 10) to base 11.
885
Convert 1516 (base 9) to base 15.
519
44044 (base 8) to base 5
1042333
-100 (base 16) to base 11
-213
What is -4640 (base 8) in base 2?
-100110100000
What is -101011000000 (base 2) in base 7?
-11011
What is -1823 (base 9) in base 13?
-837
Convert -22011203 (base 4) to base 5.
-2310230
Convert 6b5